9) - (1 - 0)) + 0).
25
What is the value of 15 - (21 - 6 - -40) - 2?
-42
(-131 - -156) + (11 - -12)
48
(-1 + 10 - 1) + (78 - 36) + -58 + 91
83
What is 2 + -35 - (-24 + 22 + 16 - (20 + -3))?
-30
Evaluate 0 - -27 - (-20 + 52 - 39).
34
10 - (-7 + 0 - -18 - 20 - (60 - -2))
81
Calculate 33 + (202 - 196) + -11 + -1.
27
-42 + -15 - (-24 + -22)
-11
What is the value of 11 + (11 - -2) + (15 + -5 - 117)?
-83
(-117 - -9) + (91 - 33) + -19
-69
What is (-4 - 3 - -5) + (-21 + -43 - -134)?
68
What is the value of (4 - 6) + -1 + -5 + (-50 - -69)?
11
0 + 0 + 44 - (22 - (50 + (-11 - 12)))
49
(-85 - -2 - (-76 + 91 + -3)) + -14
-109
What is (56 - -2) + 363 + -395?
26
What is the value of 64 + -8 - (-1 - (-5 + 7)) - (93 + -103)?
69
-3 + 93 + -36 - -16
70
What is the value of (-24 - (-72 + 35) - (17 + 2)) + 70?
64
Evaluate -92 - ((-9 - ((-2 - 8) + 12 - 5)) + 3).
-89
What is 23 - (24 - ((-57 - -7) + -18))?
-69
Calculate -10 - ((8 + -7 - (19 - 6)) + 38).
-36
-3 - 4 - 49 - 14 - -12
-58
Evaluate 19 + -19 + 0 + -17 + -5 + 2.
-20
What is -76 + 64 - (6 + 5 - -2)?
-25
What is -2 + -6 + 7 - (7 - (-31 + 21))?
-18
What is the value of 15 + 8 + (-66 + 71 - (5 - (0 - 3)))?
20
Evaluate 25 + -105 + 19 + 27 + (-11 - 1).
-46
(-33 - 0) + 3 + (34 - (26 - -14))
-36
-2 + (-5 - 37) + 265 + -277
-56
-15 - (-5 + -25) - (48 - -3)
-36
Evaluate 24 + (-92 - -12) + 35.
-21
What is 3 - (3 + -6) - ((-4 - 4) + 70)?
-56
-13 + -14 + 12 + 0 + -5 + -3
-23
84 + 8 + -58 + 7
41
What is 72 - (-22 - (-60 + -15 + 31))?
50
Calculate 129 + -108 - (9 + -9 + -2).
23
What is 200 + (-89 - 43) + -44?
24
Evaluate -31 + (38 - 11 - 84) + -6 + 9.
-85
Calculate -58 - (-49 - -100 - 24).
-85
(32 - (-14 + 12)) + -31 - -102
105
What is the value of 25 + -36 + 21 + 20 + 27?
57
Calculate (-22 + -19 - 13) + 27.
-27
Evaluate 12 + (-171 - -112 - (1 - (2 - 16))).
-62
Evaluate -11 + 24 - (-7 + 3) - 4 - -77.
90
What is 0 - 45 - (1621 + -1565)?
-101
Calculate -13 + 1 - (101 + -190 + 75).
2
-76 - (34 - 10 - (52 + -7))
-55
What is -1 - 37 - ((0 - 1 - -10) + (-9845 - -9831))?
-33
Calculate -90 + (-84 + 180 - 32).
-26
Evaluate 9 - (-52 - -86) - -14.
-11
Evaluate 72 + 33 + -95 + 28.
38
What is 36 + 19 + -49 + 36?
42
What is (-127 - -103) + (32 - (13 - 10))?
5
-5 + (85 + -89 - (1 - 0 - -3 - -33))
-46
Calculate -41 + (3 + -6 - -8) + 44 + -30.
-22
Calculate 209 + -200 + (0 - -4) + (-1 - -1).
13
(0 + 24 - 3) + -4 - (20 + (-31 - -18))
10
What is (44 - -85 - 88) + 46?
87
Calculate -4 - (55 - 46) - -24.
11
What is 53 - ((0 - -2) + -2) - 5 - (934 - 921)?
35
Calculate 46 - (-43 + 95 + -27).
21
What is the value of (135 - -2) + (15 - 27) - (6 - 15) - 13?
121
What is 4 - ((-19 - (-8 - 4)) + 34)?
-23
Calculate 13 - (-2 - -6) - ((15 - 26) + -33).
53
Calculate (21 - 36 - -3) + 57.
45
0 + 43 + -16 + (1 - 9)
19
What is 65 + 55 + -74 + -97?
-51
Evaluate 1 + 16 + (10 + 16 + -10 - 2).
31
What is (-76 - -9) + 90 + -103?
-80
What is the value of (-653 - -667) + (-3 + 0 - 76)?
-65
What is 9 + (-10 - -11 - (26 + 54 + -20))?
-50
What is the value of 0 - -8 - (-17 + 3 - (1 + -17) - -35)?
-29
What is the value of -5 - -2 - (9 - 8) - 16?
-20
Evaluate 49 + 89 + -45 + -68.
25
What is the value of -51 + 7 - (12 + -12 + 7 - 9)?
-42
What is 69 - (-17 + (0 - -79))?
7
What is the value of -33 - (3 + (-27 - -25 - (5 - 5 - -10)))?
-24
Evaluate 1 - (0 - -3) - (-3855 - -3788).
65
What is 8 - (-33 + 16 + 39)?
-14
Calculate (6 - (5 + 17)) + 21 - (3 + -75).
77
What is the value of -11 + 7 + (-17 + (-31 - 6) - (1 - 9))?
-50
What is the value of 19 + (35 - (82 - 10))?
-18
What is 9 + (-1 - (-3 - -11 - 7) - (-30 - -4))?
33
What is the value of 10288 - 10195 - (1 - -106)?
-14
Calculate (28 - 8) + -2 + -51 + 2.
-31
Calculate 95 + (-161 - -80) + 72.
86
Calculate (89 - 39 - 83) + -7.
-40
Evaluate (-16 - -1) + (31 + -1 - (96 - (210 - 136))).
-7
Evaluate 3 - (3 + -4 - -40) - (-49 + 37).
-24
What is 2809 + -2785 - (2 + 83)?
-61
Calculate -88 - (-4 - (-34 - -74)).
-44
Evaluate -95 - (3 + (-17 + 7 - -13 - (-7 + 3))).
-105
Calculate 0 + -1 + 9 + -14 - (-169 - (-5 + -21)).
137
What is -38 - (-11 - 16) - (16 + -41)?
14
What is -35 - ((-138 - -137) + (3 + -9 - 4) + 0)?
-24
Calculate 41 + -10 + 7 - -11.
49
Evaluate 19 - (72 - 97) - 97.
-53
What is the value of -12 + 35 + 1 - (11 - -4) - (-2 + 10)?
1
Evaluate -1 + -8 + 36 + (1 - (-32 - -9)).
51
What is the value of (-14 - 9) + -9 + (-50 - -63)?
-19
Evaluate (1237 - 1324) + (163 - -2).
78
Calculate -142 + 121 + (-11 - (2 - (-2 + 2))).
-34
Evaluate (58 - 19 - 12) + -18 + 104.
113
What is the value of 29 + -7 + (43 - 3) + (-1 - 13)?
48
Calculate 18 - 2 - (-3 + -26 + 19 - 94).
120
Evaluate 30 + (-52 - -30) - (-8 - -16 - 58).
58
37 + (34 - 80) + -1 + 1 + -2
-11
Evaluate (5 - (-37 - -11)) + 73 + 1.
105
Evaluate -19 + (210 + -125 - 187).
-121
What is -257 + 79 + 103 - (0 - -1 - (-3 - -1))?
-78
(-35 - -201) + -10 - 63
93
What is the value of 8 + -2 + (-7 - (8 + (-13 - 11)))?
15
Evaluate (141 - 59 - 64) + -16 + (-1 - -3).
4
What is the value of 1650 + -1562 - (0 - 39) - 29?
98
-1 + 7 - (74 - (-31 - -106))
7
What is the value of -22 + (-25 + 0 - -32) - (1 + 0)?
-16
What is 4 + 3 - (15 - (0 + 17)) - (74 + -12)?
-53
Evaluate -27 + -3 - 0 - -44 - -18.
32
1 + -8 - (2757 - 2777)
13
(-84 - -44 - -35 - (0 - 12)) + -1 - -29
35
What is the value of 73 + (-71 - -8) + 34 - (-1 - (9 + 0))?
54
Calculate 34 + 20 - (127 + 17).
-90
Calculate 6 - (-1 + -9 + (1 - 1 - (11 + -8))).
19
-1 - 9 - ((25 - -2) + (13 - (-12 - -11)))
-51
What is -13 + -4 - 9 - -29 - -43?
46
33 + -24 - (9 + -53 + -3)
56
Evaluate 8 - ((-9 - 25) + -18 + 17).
43
-6 + -10 + (-8 - -33) + -26 + -11
-28
82 + 4 + -85 - (1 + -62 + (1 - 0))
61
Evaluate -49 - (-7 - 0 - -22 - 35).
-29
Evaluate (-3 - (-2 - 0) - 11) + -232 + 234 + -97.
-107
Evaluate 36 + -26 + 90 + -112.
-12
Calculate 144 - ((-6 - 7) + (-25 + 0 + 3 - -24)).
155
Calculate 10 - 1 - ((10 - 12) + -23 + 102).
-68
What is the value of 8 + 0 + 11 + -13 - (-9 + -4)?
19
What is the value of 675 - 658 - (17 - 7)?
7
(16 - (24 - 21)) + (-3 - -3) + (6 - 8)
11
What is the value of 8 + -22 + 63 + (-26 - 7)?
16
Evaluate 250 + -203 + -14 + 3 + -150.
-114
What is the value of 10 + -112 + 191 - 106?
-17
Calculate -13 + 9 + -10 + 24 + 3 - 7.
6
Calculate (-1 - 26) + (-13 + (-23 - -20) - -3).
-40
What is the value of 38 - (2 + 2 + -20 + 11 + 15)?
28
-80 + (15 - 3) + 26 + -12 + -23 + -5
-82
What is (13 - 73 - -2) + 5 + (-9 + 14 - 0)?
-48
What is 5 + -3 + -13 + 23 - 44?
-32
5 - (-2 - 8 - (-44 + 39)) - 5 - 105
-100
Calculate (-2 - (-20 + 15)) + 9 + 0 + 6.
18
What is 408 - 336 - (-3 - 5)?
80
Calculate 53 + -61 + 4 + 0 + 7 + 6.
9
Calculate 19 - 28 - (23 + -3).
-29
What is 1 - 2 - (-177 + 191 - -22)?
-37
3 + -64 + 191 - 67
63
Evaluate -354 - -430 - (77 - 9) - (0 + (-51 - -1)).
58
221 - (-31 - (-98 + -69))
85
What is -858 + 852 + (22 - 0) - (-20 + 0)?
36
Evaluate (-5 - 15) + (-5 - (0 + -2)) + -72 + 84.
-11
Evaluate -12 + 2 + 0 + (-35 - -18).
-27
Calculate 86 - (-9 + (0 - (9 + (-2 - 5))) + 16).
81
What is the value of ((-1 - -2) + -8 - (12 + -23 + 11)) + -31?
-38
-113 + 46 + (1 - 4) - (-6 - 2)
-62
What is 28 - (-6 + (15 - -2 - 21))?
38
What is -88 + 29 + 53 + 65?
59
Calculate -7 + 38 + -7 - 19.
5
Calculate -1 + (-1 - -2) + (42 - -9 - 36).
15
What is 35 - 48 - (1 + (0 - ((6 - 5) + -5)))?
-18
Evaluate -10 + (-2 - -45) + (-6 + 5 - 14).
18
What is 0 + 23 - (61 - (-37 - -44))?
-31
What is (3 - 31 - 2) + -14 + 114?
70
Calculate 10 - (53 + 44) - -38.
-49
What is -1 + -91 + (-15 - 1 - (-12 - (6 + -8)))?
-98
Evaluate (2 - 1 - 82) + 1585 + -1599.
-95
Calculate -14 + (3 - -136 - (29 + (-7 - 10))) + -5.
108
Calculate (-19 - -9) + 20 + (-2 - -7) + -56.
-41
What is the value of (54 - 40 - (-2 + 33)) + -33?
-50
What is the value of 39 - (118 + -28 - 47)?
-4
Calculate -2037 + 2002 - (-6 + 1).
-30
What is the value of (-25 - (-36 + 14)) + 57?
54
2 - -8 - (13 - (-17 - -17) - 13)
10
36 + -89 - (3 + -2 + 9) - 10 - -3
-70
What is -35 + (136 + -2 - 44)?
55
What is the value of (0 - (-5 - 2)) + -720 + 737?
24
What is (-39 + 2 - -53) + -80 + -2 + 1?
-65
Evaluate 2 + 2 + -22 + 11 + -10 + -6.
-23
Calculate (204 + -219 - (1 - -47)) + -35.
-98
(0 - (-17 - (-1 + 4))) + (1115 - 1262)
-127
Calculate (6 - ((19 - 9) + 8)) + -3 + 10.
-5
-9 + ((1 - 108) + -31 + -11 + 28 - -14)
-116
What is -47 - ((-23 - 